{"id":2,"date":"2012-11-27T22:26:38","date_gmt":"2012-11-27T22:26:38","guid":{"rendered":"http:\/\/2013-cluj-napoca.wordcamp.org\/?page_id=2"},"modified":"2013-03-07T14:31:37","modified_gmt":"2013-03-07T14:31:37","slug":"despre","status":"publish","type":"page","link":"https:\/\/transylvania.wordcamp.org\/2013\/despre\/","title":{"rendered":"Despre"},"content":{"rendered":"<p>WordCamp Transylvania este prima conferin\u021b\u0103 din zon\u0103 organizat\u0103 cu sprijinul\u00a0WordCamp Central. Aceasta va avea loc \u00eentre 1 &#8211; 2 iunie 2013.<\/p>\n<p>Conferin\u021ba este un prilej de interac\u021biune, dezbatere \u0219i \u00eenv\u0103\u021bare \u00eentre programatori, designeri,\u00a0studen\u021bi, dar \u0219i reprezentan\u021bi ai diverselor companii care implementeaz\u0103 proiecte folosind\u00a0platforma WordPress.<\/p>\n<p>Pentru dou\u0103 zile, WordCamp Transylvania nu va fi doar un eveniment dedicat celor interesa\u021bi<br \/>\n\u0219i pasiona\u021bi de WordPress, ci \u0219i un punct de \u00eent\u00e2lnire al comunit\u0103\u021bii WordPress rom\u00e2ne\u0219ti,<br \/>\ncare mizeaz\u0103 pe schimbul de idei dintre participan\u021bi \u0219i invita\u021bi &#8211; privind inovarea cu ajutorul<br \/>\nWordPress.<\/p>\n<h4>De ce s\u0103 participi?<\/h4>\n<p><strong>WordPress \u00eenseamn\u0103 comunitate<\/strong>. Comunitatea \u00eenseamn\u0103 accesibilitate. Tematicile prezentate \u00een cadrul WordCamp combin\u0103 aspecte practice \u0219i teoretice &#8211; la mai multe niveluri de dificultate, fiind dedicate at\u00e2t celor care se afl\u0103 la \u00eenceput, dar \u0219i celor care au deja experien\u021b\u0103 \u00een folosirea platformei WordPress.<\/p>\n<p><strong>Vrei s\u0103 descoperi WordPress dincolo de sintaxa sa<\/strong>? WordCamp e ocazia perfect\u0103. Dac\u0103 e\u0219ti student, vei intra \u00een contact cu programatori \u0219i dezvoltatori cu experien\u021b\u0103, vei descoperi c\u00e2t de important\u0103 este puterea comunit\u0103\u021bii pentru \u00eenv\u0103\u021bare, vei explora aria larg\u0103 de utilizare a platformei, precum \u0219i avantajele pe care le promite o aplica\u021bie open-source.<\/p>\n<p><strong>Lucrezi deja \u00eendeaproape cu WordPress<\/strong>? Atunci e\u0219ti deja parte din comunitate. Dac\u0103 e\u0219ti programator sau designer, WordCamp este locul \u00een care \u00ee\u021bi vei putea \u00eemp\u0103rt\u0103\u0219i interesul pentru WordPress &#8211; vei face schimb de cuno\u0219tin\u021be cu invita\u021bii, vei putea contribui cu know-how, vei putea primi feedback \u0219i vei lua contact cu al\u021bi programatori cu experien\u021b\u0103.<\/p>\n<p><strong>WordCamp Transylvania este organizat de urm\u0103toarele persoane:<\/strong><\/p>\n\t<div class=\"wcorg-organizers\">\n\n\t\t\n\t\t\t<div class=\"wcorg-organizer\">\n\t\t\t\t<h2>Alex Ciob\u00eec\u0103<\/h2>\n\t\t\t\t<div class=\"wcorg-organizer-description\">\n\t\t\t\t\t\t\t\t\t\t<img alt='' src='https:\/\/secure.gravatar.com\/avatar\/00f42060647f19855a4954b22c3ea8f61ddb5eeb9570f6d7fcb74ea478800704?s=100&#038;d=retro&#038;r=g' srcset='https:\/\/secure.gravatar.com\/avatar\/00f42060647f19855a4954b22c3ea8f61ddb5eeb9570f6d7fcb74ea478800704?s=200&#038;d=retro&#038;r=g 2x' class='avatar avatar-100 photo' height='100' width='100' \/>\t\t\t\t\t<p><a href=\"http:\/\/ciobi.ca\/\">Web Developer<\/a> <a href=\"http:\/\/profiles.wordpress.org\/ciobi\/\">specializat pe WordPress<\/a>. Curios \u0219i z\u00e2mbitor.<\/p>\n\t\t\t\t<\/div>\n\t\t\t<\/div>\n\n\t\t\n\t\t\t<div class=\"wcorg-organizer\">\n\t\t\t\t<h2>David Stroe<\/h2>\n\t\t\t\t<div class=\"wcorg-organizer-description\">\n\t\t\t\t\t\t\t\t\t\t<img alt='' src='https:\/\/secure.gravatar.com\/avatar\/77bdd1598ac04f4b413703d971856f8165f21f149414774a4f8a3b1d7a76efd6?s=100&#038;d=retro&#038;r=g' srcset='https:\/\/secure.gravatar.com\/avatar\/77bdd1598ac04f4b413703d971856f8165f21f149414774a4f8a3b1d7a76efd6?s=200&#038;d=retro&#038;r=g 2x' class='avatar avatar-100 photo' height='100' width='100' \/>\t\t\t\t\t<p><a href=\"http:\/\/www.davidstroe.com\">Designer<\/a> de lucruri \u0219i interac\u021biuni, pasionat de univers. Al\u0103turi de mul\u021bi oameni \u0219i proiectele lor de vreo 15 ani.<\/p>\n\t\t\t\t<\/div>\n\t\t\t<\/div>\n\n\t\t\n\t\t\t<div class=\"wcorg-organizer\">\n\t\t\t\t<h2>Cornelia Stan<\/h2>\n\t\t\t\t<div class=\"wcorg-organizer-description\">\n\t\t\t\t\t\t\t\t\t\t<img alt='' src='https:\/\/secure.gravatar.com\/avatar\/a36a12a553da9f1b48b2f82a0b9caac4b87f95ebffa0472c141ef7f153ad8fad?s=100&#038;d=retro&#038;r=g' srcset='https:\/\/secure.gravatar.com\/avatar\/a36a12a553da9f1b48b2f82a0b9caac4b87f95ebffa0472c141ef7f153ad8fad?s=200&#038;d=retro&#038;r=g 2x' class='avatar avatar-100 photo' height='100' width='100' \/>\t\t\t\t\t<p><a href=\"http:\/\/about.me\/evolveris\">Copywriter<\/a>. S-a implicat \u00een procesul de <a href=\"http:\/\/ro.wordpress.org\/about\/\">localizare WordPress \u00een limba rom\u00e2n\u0103<\/a>.<\/p>\n\t\t\t\t<\/div>\n\t\t\t<\/div>\n\n\t\t\n\t\t\t<div class=\"wcorg-organizer\">\n\t\t\t\t<h2>Stas Su\u0219cov<\/h2>\n\t\t\t\t<div class=\"wcorg-organizer-description\">\n\t\t\t\t\t\t\t\t\t\t<img alt='' src='https:\/\/secure.gravatar.com\/avatar\/d341bea1a966729e5a435df931f149fc37c996c004b17e6287669ddc6eda7dd0?s=100&#038;d=retro&#038;r=g' srcset='https:\/\/secure.gravatar.com\/avatar\/d341bea1a966729e5a435df931f149fc37c996c004b17e6287669ddc6eda7dd0?s=200&#038;d=retro&#038;r=g 2x' class='avatar avatar-100 photo' height='100' width='100' \/>\t\t\t\t\t<p>A contribuit la WordPress, BuddyPress, bbPress \u0219i GlotPress. Alumni la <a href=\"http:\/\/www.google-melange.com\/gsoc\/org\/google\/gsoc2011\/wordpress\">Google Summer of Code pentru WordPress<\/a>. Ini\u021biatorul <a href=\"http:\/\/ro.wordpress.org\/about\/\">echipei \u201eWordPress \u00een Rom\u00e2n\u0103\u201d<\/a>. <a href=\"http:\/\/stas.nerd.ro\">Pagina web<\/a>.<\/p>\n\t\t\t\t<\/div>\n\t\t\t<\/div>\n\n\t\t\n\t\t\t<div class=\"wcorg-organizer\">\n\t\t\t\t<h2>Cristi Burc\u0103<\/h2>\n\t\t\t\t<div class=\"wcorg-organizer-description\">\n\t\t\t\t\t\t\t\t\t\t<img alt='' src='https:\/\/secure.gravatar.com\/avatar\/1efc344036f54cbe066a5bf3883426a2ef7c7e457757b38e24465b7be626b1e0?s=100&#038;d=retro&#038;r=g' srcset='https:\/\/secure.gravatar.com\/avatar\/1efc344036f54cbe066a5bf3883426a2ef7c7e457757b38e24465b7be626b1e0?s=200&#038;d=retro&#038;r=g 2x' class='avatar avatar-100 photo' height='100' width='100' \/>\t\t\t\t\t<p>Veteran WordPress; autorul plugin-ului <a href=\"http:\/\/wordpress.org\/extend\/plugins\/posts-to-posts\/\">Posts 2 Posts<\/a> (pe l\u00e2ng\u0103 alte 30+ plugin-uri), dezvoltator principal la <a href=\"http:\/\/wp-cli.org\">WP-CLI<\/a>, orator la diverse WordCamp-uri.<\/p>\n\t\t\t\t<\/div>\n\t\t\t<\/div>\n\n\t\t\n\t<\/div><!-- .wcorg-organizers -->\n\t\n","protected":false},"excerpt":{"rendered":"<p>WordCamp Transylvania este prima conferin\u021b\u0103 din zon\u0103 organizat\u0103 cu sprijinul\u00a0WordCamp Central. Aceasta va avea loc \u00eentre 1 &#8211; 2 iunie 2013. Conferin\u021ba este un prilej de interac\u021biune, dezbatere \u0219i \u00eenv\u0103\u021bare \u00eentre programatori, designeri,\u00a0studen\u021bi, dar \u0219i reprezentan\u021bi ai diverselor companii care &hellip; <a href=\"https:\/\/transylvania.wordcamp.org\/2013\/organizer\/cristi-burca\/\">Continue reading <span class=\"screen-reader-text\">Cristi Burc\u0103<\/span>  <span class=\"meta-nav\">&rarr;<\/span><\/a><\/p>\n","protected":false},"author":7694169,"featured_media":0,"parent":0,"menu_order":0,"comment_status":"closed","ping_status":"closed","template":"","meta":{"_crdt_document":"","jetpack_post_was_ever_published":false,"footnotes":""},"class_list":["post-2","page","type-page","status-publish","hentry"],"jetpack_sharing_enabled":true,"jetpack_shortlink":"https:\/\/wp.me\/P2W78o-2","_links":{"self":[{"href":"https:\/\/transylvania.wordcamp.org\/2013\/wp-json\/wp\/v2\/pages\/2","targetHints":{"allow":["GET"]}}],"collection":[{"href":"https:\/\/transylvania.wordcamp.org\/2013\/wp-json\/wp\/v2\/pages"}],"about":[{"href":"https:\/\/transylvania.wordcamp.org\/2013\/wp-json\/wp\/v2\/types\/page"}],"author":[{"embeddable":true,"href":"https:\/\/transylvania.wordcamp.org\/2013\/wp-json\/wp\/v2\/users\/7694169"}],"replies":[{"embeddable":true,"href":"https:\/\/transylvania.wordcamp.org\/2013\/wp-json\/wp\/v2\/comments?post=2"}],"version-history":[{"count":12,"href":"https:\/\/transylvania.wordcamp.org\/2013\/wp-json\/wp\/v2\/pages\/2\/revisions"}],"predecessor-version":[{"id":162,"href":"https:\/\/transylvania.wordcamp.org\/2013\/wp-json\/wp\/v2\/pages\/2\/revisions\/162"}],"wp:attachment":[{"href":"https:\/\/transylvania.wordcamp.org\/2013\/wp-json\/wp\/v2\/media?parent=2"}],"curies":[{"name":"wp","href":"https:\/\/api.w.org\/{rel}","templated":true}]}}