{"id":35,"date":"2013-03-01T15:48:45","date_gmt":"2013-03-01T15:48:45","guid":{"rendered":"https:\/\/2013.transylvania.wordcamp.org\/?page_id=35"},"modified":"2013-06-01T02:51:16","modified_gmt":"2013-06-01T00:51:16","slug":"locatia","status":"publish","type":"page","link":"https:\/\/transylvania.wordcamp.org\/2013\/locatia\/","title":{"rendered":"Loca\u021bia"},"content":{"rendered":"<h4>Adrese:<\/h4>\n<ul>\n<li>Universitatea Tehnic\u0103 din Cluj-Napoca, sala P03: str. Bari\u021biu 26-28 (intrarea prin gang)<\/li>\n<li>Cluj Cowork: str. Emil Isac 23 (interfon RubyTribe)<\/li>\n<li>Soviet Pub, str. George Clemenceau, nr. 2<\/li>\n<\/ul>\n<div class=\"googlemaps\">\n\t\t\t\t<iframe loading=\"lazy\" width=\"600\" height=\"400\" frameborder=\"0\" scrolling=\"no\" marginheight=\"0\" marginwidth=\"0\"  src=\"https:\/\/maps.google.ro\/maps\/ms?msa=0&#038;msid=214950241554054963993.0004d76c660e6c16a316a&#038;ie=UTF8&#038;t=h&#038;ll=46.771952,23.585758&#038;spn=0.002939,0.006427&#038;z=17&#038;output=embed\"><\/iframe>\n\t\t\t<\/div>\n<h4>Despre Cluj<\/h4>\n<p>\u00cen luna iunie, <a href=\"http:\/\/www.clujbusiness.ro\/\">Clujul<\/a> \u00eenseamn\u0103 cultur\u0103 + turism + tinere\u021be &#8211; mai mult ca niciodat\u0103.<\/p>\n<p>Ora\u0219ul \u00ee\u0219i deschide por\u021bile pentru turi\u0219tii rom\u00e2ni \u0219i str\u0103ini, g\u0103zduind o multitudine de manifest\u0103ri \u0219i evenimente atractive, printre care \u0219i cel mai important festival de film din Rom\u00e2nia &#8211; <a href=\"http:\/\/tiff.ro\/\">Transilvania International Film Festival<\/a> (TIFF). Anul acesta, festivalul va avea loc \u00eentre 31 mai \u0219i 9 iunie.<\/p>\n<p><iframe loading=\"lazy\" title=\"Cluj-Napoca, The Heart of Transylvania -TEASER\" src=\"https:\/\/player.vimeo.com\/video\/31338484?dnt=1&amp;app_id=122963\" width=\"600\" height=\"338\" frameborder=\"0\" allow=\"autoplay; fullscreen; picture-in-picture; clipboard-write; encrypted-media; web-share\" referrerpolicy=\"strict-origin-when-cross-origin\"><\/iframe><\/p>\n<p>Unii spun c\u0103 aceasta este cea mai bun\u0103 perioad\u0103 pentru a experimenta spiritul ora\u0219ului \u0219i pentru a-i descoperi farmecul.<\/p>\n<p>\u00cen completarea evenimentelor interesante, WordCamp Transylvania are loc \u00een alte dou\u0103 loca\u021bii inedite (<a href=\"http:\/\/utcluj.ro\/\">Universitatea Tehnic\u0103<\/a> \u0219i <a href=\"http:\/\/clujcowork.ro\/\">Cluj Cowork<\/a>), \u00een inima ora\u0219ului Cluj-Napoca, \u00een apropierea principalelor obiective turistice.<\/p>\n","protected":false},"excerpt":{"rendered":"<p>Adrese: Universitatea Tehnic\u0103 din Cluj-Napoca, sala P03: str. Bari\u021biu 26-28 (intrarea prin gang) Cluj Cowork: str. Emil Isac 23 (interfon RubyTribe) Soviet Pub, str. George Clemenceau, nr. 2 Despre Cluj \u00cen luna iunie, Clujul \u00eenseamn\u0103 cultur\u0103 + turism + tinere\u021be &hellip; <a href=\"https:\/\/transylvania.wordcamp.org\/2013\/locatia\/\">Continue reading <span class=\"screen-reader-text\">Loca\u021bia<\/span>  <span class=\"meta-nav\">&rarr;<\/span><\/a><\/p>\n","protected":false},"author":5985810,"featured_media":0,"parent":0,"menu_order":0,"comment_status":"closed","ping_status":"closed","template":"","meta":{"_crdt_document":"","jetpack_post_was_ever_published":false,"footnotes":""},"class_list":["post-35","page","type-page","status-publish","hentry"],"jetpack_sharing_enabled":true,"jetpack_shortlink":"https:\/\/wp.me\/P2W78o-z","_links":{"self":[{"href":"https:\/\/transylvania.wordcamp.org\/2013\/wp-json\/wp\/v2\/pages\/35","targetHints":{"allow":["GET"]}}],"collection":[{"href":"https:\/\/transylvania.wordcamp.org\/2013\/wp-json\/wp\/v2\/pages"}],"about":[{"href":"https:\/\/transylvania.wordcamp.org\/2013\/wp-json\/wp\/v2\/types\/page"}],"author":[{"embeddable":true,"href":"https:\/\/transylvania.wordcamp.org\/2013\/wp-json\/wp\/v2\/users\/5985810"}],"replies":[{"embeddable":true,"href":"https:\/\/transylvania.wordcamp.org\/2013\/wp-json\/wp\/v2\/comments?post=35"}],"version-history":[{"count":18,"href":"https:\/\/transylvania.wordcamp.org\/2013\/wp-json\/wp\/v2\/pages\/35\/revisions"}],"predecessor-version":[{"id":1131,"href":"https:\/\/transylvania.wordcamp.org\/2013\/wp-json\/wp\/v2\/pages\/35\/revisions\/1131"}],"wp:attachment":[{"href":"https:\/\/transylvania.wordcamp.org\/2013\/wp-json\/wp\/v2\/media?parent=35"}],"curies":[{"name":"wp","href":"https:\/\/api.w.org\/{rel}","templated":true}]}}